 = -199 + 191. Calculate the remainder when t(-7) is divided by (-10)/(-15)*-14*18/x.
20
Suppose 0 = -2*b - 174 + 202. Calculate the remainder when (-95)/(-20)*(-2 + b) is divided by 12.
9
Let w(h) = -2*h**3 - 3*h**2 + 3. Let v be w(-3). Let l = -53517 - -53553. What is the remainder when l is divided by (0 + -3)*v/(-9)?
6
Let d = 3676 + -3548. What is the remainder when 510 is divided by d?
126
Let f(c) = 2*c**2 - 5*c - 10. Suppose 125*h + 96*h = 56*h + 20460. Calculate the remainder when h is divided by f(-5).
59
Let o = 15339 - 15229. What is the remainder when 1216 is divided by o?
6
Let c(t) = -20*t - 295. What is the remainder when 62 is divided by c(-15)?
2
Suppose 28*i - 2292 = 16*i. Let u(d) = -d**3 + 15*d**2 - 14*d + 24. What is the remainder when i is divided by u(14)?
23
Suppose z = -6 + 13. Let h = z - -7. What is the remainder when 35 is divided by h?
7
Suppose -3*z + 12 = 5*j, -3*z + 4*z - 5*j = -16. Let u = -263 + 393. Calculate the remainder when u is divided by 11*(1 + 5/z - -6).
20
Suppose 2*x = -68*f + 63*f + 303, 4*f = 2*x - 312. What is the remainder when 2154 is divided by x?
152
Let m(s) = -s**3 + 27*s**2 - 134*s + 51. Calculate the remainder when 340 is divided by m(20).
169
Suppose 3*l - 12 = 2*o, 0 = 3*l + 2*l + o - 7. Let m(k) = k - 2*k**l + 8*k**2 + 0*k**2 - 3*k**2 - 3. Calculate the remainder when 81 is divided by m(-3).
18
Let m(g) = -25*g**3 - g - 7. Suppose 0 = 3*n + 2*t + 2, 32*t = -2*n + 27*t + 6. What is the remainder when m(n) is divided by 25?
20
Let m(a) = -a**3 - 6*a**2 - 2*a - 2. Suppose -3*k + 4*k + b = -7, 0 = 5*k - 5*b + 25. Calculate the remainder when 36 is divided by m(k).
6
Suppose 2*z + 2538 = 5*z. Let x = -496 + z. Suppose -x = 10*n - 17*n. What is the remainder when n is divided by 17?
16
Let m be (-244)/(-6) + (-38)/57 - -3. Let v = 60 - m. Calculate the remainder when 49 is divided by v.
15
Suppose 96*c - 88*c = 3752. Let d = -451 + c. Calculate the remainder when 214 is divided by d.
16
Calculate the remainder when 95 is divided by (23 - 1 - 1) + (-42)/(-7).
14
Let d be (-4*6/48)/((-1)/52). Suppose d*c - 1806 = 456. Calculate the remainder when 166 is divided by c.
79
Let s(z) = 2*z**3 - 2*z**2 - z + 2. Suppose -5*l + 10 = -5. Suppose 4*o = 5 + l. What is the remainder when 37 is divided by s(o)?
5
Let v(s) = 3*s**2 + 16*s - 19. Let j be v(5). Let i = 201 - j. Calculate the remainder when i is divided by 33.
32
Let v = 1000 + -964. Suppose 5*n + 3*m - 95 = -m, -m = 0. What is the remainder when v is divided by n?
17
Suppose 0 = 27*b - 7*b - 7358 + 778. Calculate the remainder when b is divided by 202.
127
Suppose -h + 4*v = -15, -28*h + 23*h = -2*v - 21. Calculate the remainder when 4915 is divided by h.
1
Suppose 299*n = 149*n + 98*n + 148408. What is the remainder when n is divided by 568?
14
Suppose -4*m + 372 = 4*v, 4*v + 2*m - 98 = 3*v. Let r = 33 + v. What is the remainder when r is divided by 42?
37
Suppose 0 = 2*r - r + 54. Let c = 72 + r. Let v = 62 - c. Calculate the remainder when v is divided by 12.
8
Let i = -1821 - -1938. What is the remainder when 809 is divided by i?
107
Suppose -1931*u + 1921*u + 590 = 0. What is the remainder when 1057 is divided by u?
54
Let o(y) = 19*y - 89. Let h(c) = -c**2 + 9*c - 4. Let w be h(3). What is the remainder when o(w) is divided by 46?
39
Let w(m) = 8*m**2 + 19*m - 40. Let z be w(-12). Suppose 0 = -5*b + 9*b - z. Calculate the remainder when b is divided by 28.
25
Let t(r) = r**3 - 7*r**2 + 42*r - 234. What is the remainder when t(9) is divided by 22?
20
Suppose -23*z + 980 = -19*z. Suppose -24*f + 29*f - z = 0. Let g = -1 + f. Calculate the remainder when g is divided by 17.
14
Let g(q) = 38*q**2 - 33 - 2*q - 88*q**3 + 4*q + 87*q**3. Let k(c) = c**3 - 3*c**2 + 6*c + 5. What is the remainder when k(5) is divided by g(38)?
42
Let t be (8/(-1) - -5)*-1. Suppose -t*n + 32 = -487. Let h(l) = 2*l**2 - 2*l - 5. What is the remainder when n is divided by h(5)?
33
Suppose 0 = 3*a + 465 - 3261. Suppose f - 312 = 5*v, 0 = -4*f + 5*v + 256 + a. Calculate the remainder when f is divided by 33.
28
Let w(s) = -20*s - 60. Let m be w(-3). Suppose 4*o - 3*r - 18 = -1, o + r - 6 = m. Calculate the remainder when (12/(-10))/(4/(-30)) is divided by o.
4
Let z be ((-15)/(-2))/((-9)/24 + 0). What is the remainder when 16/(-20) - 696/z is divided by (0 - 1)/(5/(-65))?
8
Let p(f) = -f**3 - 8*f**2 + 13*f - 16. Let z be p(-10). Suppose 49*r + 295 = z*r. Let s = -11 - -31. Calculate the remainder when r is divided by s.
19
Let s = 11975 + -10883. Calculate the remainder when s is divided by 115.
57
Suppose -5*c = 3*l + 1049, 424 = -2*c + 25*l - 24*l. Let p = 225 + c. Calculate the remainder when 96 is divided by p.
12
Let r = -894 + 1363. Suppose -y - 9*f = -5*f - 252, -f = 2*y - r. Calculate the remainder when y is divided by 18.
16
Let n(c) = -3*c - 64. Let s = 80 - 104. Suppose -3*f = f - 96. What is the remainder when f is divided by n(s)?
0
Suppose -26*j = -85897 - 134063. Calculate the remainder when j is divided by 249.
243
Let i = -328 + 513. Let a(q) = 2*q + 97. Suppose -3*d = -13*p + 14*p + 79, -p = 2*d + 54. What is the remainder when i is divided by a(d)?
44
Let t = -40 - -57. Let m(x) = 2*x**3 + x**2 + 3. Let i be m(3). Suppose 3*b - i = 126. What is the remainder when b is divided by t?
13
Suppose 0 = -k + 4*g + 34, -4*g + g - 123 = -4*k. Suppose 0 = -10*r + k*r - 5740. What is the remainder when r is divided by 58?
55
Let o(v) = -3*v**2 + 31*v - 30. Suppose 6*p - p - 192 = -4*u, -5*p + 202 = -u. Calculate the remainder when o(5) is divided by p.
10
Suppose -69*r + 2341 = 196*r - 574. Calculate the remainder when 1223 is divided by r.
2
Let x be ((-21)/(-49)*-7)/(-1). Let l = 1 + -1. Suppose l = -x*j - 33 + 84. What is the remainder when j is divided by 5?
2
Let c = 321 - 109. Suppose 2*r - 86 = -4*s + 334, -2*r + c = 2*s. Calculate the remainder when s is divided by 36.
32
Let l = 7287 + -7265. Calculate the remainder when 736 is divided by l.
10
Let t(c) = 512*c - 4600. Calculate the remainder when 33 is divided by t(9).
1
Let m = -304 + 456. Suppose -22*a = -30*a + m. Calculate the remainder when 112 is divided by a.
17
Let m = -13112 - -13156. What is the remainder when 410 is divided by m?
14
Suppose -5*t + a = -339, a = 4*t - 3*a - 268. Let l = t - 26. Let u = l - 25. What is the remainder when u is divided by 5?
2
Let w = 270 + -518. Let d = w - -263. Calculate the remainder when 57 is divided by d.
12
Suppose -c + 4*c = -4*q + 806, 5*q + c - 1013 = 0. Calculate the remainder when q is divided by 70.
63
Let m = 546 - 173. Suppose 404 = n + m. What is the remainder when 340 is divided by n?
30
Suppose 10*t = 7*t - 16*t + 855. Calculate the remainder when 331 is divided by t.
16
Let u(d) be the first derivative of -d**4/4 - 16*d**3/3 - 17*d**2/2 + 17*d - 27. Calculate the remainder when u(-15) is divided by 16.
15
Suppose f + 2*b = 6, 4*f + f = -2*b + 46. Let w = 24 - f. Suppose 0 = 2*a - w - 2. What is the remainder when 20 is divided by a?
4
Suppose -p + 58 + 397 = 3*d, 2*p - 757 = -5*d. Calculate the remainder when d is divided by 6.
3
Let v(r) = -17*r - 26. Let c be v(-4). Let x = c + -42. Suppose x = 5*p - 26 - 14. What is the remainder when 10 is divided by p?
2
Let o = 303 + 362. Suppose -23*d + 2 = -o. Calculate the remainder when 56 is divided by d.
27
What is the remainder when 9*4/24*(-4 - -10) is divided by 8?
1
Let x(d) = 2*d**3 - 17*d**2 - 8*d - 3. Let t be x(9). Let l(o) = -2*o**2 + 10*o + 19. What is the remainder when 33 is divided by l(t)?
5
Suppose b = -3*y - 5, -3*b + 5*y - 29 = -0*y. Let a be (b/(-5)*1)/((-13)/(-2340)). Suppose -10*v = -2*v - a. Calculate the remainder when 106 is divided by v.
34
What is the remainder when 56 is divided by (-15)/(-3) - (13 + 59)/18?
0
Let a(x) = 2*x**2 - x + 1. Let q(w) = 30*w**3 + 11*w**2 + w + 9. Let t(g) = 5*a(g) - q(g). Let p = 92 + 30. What is the remainder when p is divided by t(-1)?
29
Let r = -272 - -278. What is the remainder when 3/(r/208) + 0/23 is divided by 49?
6
Let f = -750 - -8485. What is the remainder when f is divided by 172?
167
Let a = -53 - -98. Calculate the remainder when 168 is divided by (-6)/a - (-3 - 2408/60).
39
Let o = 3 + -62. Let s = -49 - o. Suppose -6*f +